70474?
True
Does 585 divide 11897145?
True
Does 131 divide 18698809?
True
Is 31 a factor of 95419271?
True
Does 43 divide 243766389?
False
Does 26 divide 3753802?
True
Is 89254759 a multiple of 7?
False
Is 1333 a factor of 46295956?
False
Is 277185723 a multiple of 2127?
False
Does 46 divide 940064849?
False
Is 1321 a factor of 142891450?
False
Does 6 divide 16139767?
False
Is 340830868 a multiple of 82?
True
Does 316 divide 208968272?
True
Does 131 divide 95839076?
True
Does 323 divide 43792301?
False
Does 81 divide 9745415?
False
Is 556832115 a multiple of 7927?
True
Is 200 a factor of 244099943?
False
Is 16 a factor of 9676761?
False
Is 9 a factor of 34345998?
True
Is 6464025 a multiple of 22?
False
Is 71675246 a multiple of 1070?
False
Does 8 divide 12423318?
False
Is 43812433 a multiple of 113?
False
Is 8439 a factor of 809004735?
True
Does 1323 divide 2399371632?
True
Does 6 divide 149586437?
False
Does 7 divide 33051123?
True
Is 6 a factor of 882208382?
False
Is 14 a factor of 16904160?
True
Is 32011694 a multiple of 209?
True
Is 220 a factor of 321950662?
False
Does 31 divide 35971166?
False
Is 412 a factor of 332985087?
False
Does 56 divide 281032528?
True
Is 78 a factor of 16767378?
False
Is 5 a factor of 12859940?
True
Does 20 divide 3298013?
False
Is 1126 a factor of 238841490?
True
Is 11 a factor of 164795738?
False
Does 690 divide 351056130?
True
Does 5818 divide 1739762358?
True
Is 466 a factor of 69914912?
True
Does 47 divide 1318610145?
True
Is 47 a factor of 176329853?
True
Is 50610740 a multiple of 445?
True
Does 809 divide 41931097?
False
Is 736 a factor of 102854405?
False
Does 11 divide 119998876?
False
Does 210 divide 431836650?
True
Is 24 a factor of 7323480?
True
Is 77098560 a multiple of 2352?
True
Does 8665 divide 5834813697?
False
Is 2352 a factor of 182305872?
True
Is 716720 a multiple of 170?
True
Is 35 a factor of 124750583?
False
Is 6 a factor of 63320059?
False
Does 3930 divide 153750172?
False
Does 163 divide 9499966?
True
Is 1627113136 a multiple of 16?
True
Is 27798120 a multiple of 189?
True
Is 13 a factor of 13533397?
False
Is 1254960348 a multiple of 503?
False
Is 14 a factor of 464264560?
False
Does 287 divide 115976225?
False
Is 14 a factor of 7735756?
True
Is 418900 a multiple of 13?
False
Is 63862975 a multiple of 309?
False
Is 19 a factor of 533410422?
False
Does 160 divide 4495354?
False
Is 50 a factor of 173453400?
True
Does 292 divide 62245986?
False
Does 7292 divide 279553404?
True
Does 20 divide 11790780?
True
Is 2919 a factor of 3767778877?
False
Is 66718042 a multiple of 239?
False
Is 43350037 a multiple of 39?
False
Does 8 divide 2875696?
True
Does 10 divide 87940040?
True
Does 2 divide 418435?
False
Is 91 a factor of 6266806?
True
Does 180 divide 3437820?
True
Is 46 a factor of 946772?
True
Does 204 divide 26717880?
True
Does 2 divide 294204347?
False
Is 13 a factor of 504193712?
False
Is 10 a factor of 508858640?
True
Does 196 divide 2255213?
False
Is 287726277 a multiple of 309?
True
Does 27 divide 930501647?
False
Is 692727917 a multiple of 387?
False
Is 76861537 a multiple of 128?
False
Is 45765771 a multiple of 86?
False
Is 464 a factor of 1148460953?
False
Is 1136732 a multiple of 76?
True
Is 605820033 a multiple of 351?
True
Does 81 divide 31765365?
True
Does 4138 divide 1676527252?
True
Is 4627130 a multiple of 10?
True
Is 312 a factor of 36291216?
True
Does 382 divide 142242666?
True
Is 1436247 a multiple of 1686?
False
Does 2600 divide 361597600?
True
Is 73 a factor of 47537714?
False
Does 65 divide 343942365?
True
Does 116 divide 61322704?
True
Does 666 divide 540264529?
False
Is 26 a factor of 125311186?
True
Is 125076513 a multiple of 694?
False
Does 25 divide 606780225?
True
Is 130448868 a multiple of 957?
False
Does 3231 divide 1157777154?
True
Is 1989 a factor of 8739666?
True
Is 22475883 a multiple of 1006?
False
Does 13 divide 8960731?
True
Is 136 a factor of 59292600?
True
Is 14 a factor of 5195366?
False
Is 132 a factor of 501725371?
False
Does 136 divide 110153768?
False
Does 578 divide 42343702?
True
Is 4443900682 a multiple of 59?
False
Does 4057 divide 348847211?
False
Is 15913248 a multiple of 208?
True
Is 250003427 a multiple of 111?
False
Is 51508292 a multiple of 1276?
True
Does 6556 divide 1229564688?
True
Is 1785 a factor of 3501521950?
False
Is 12394854 a multiple of 3?
True
Is 1057039 a multiple of 131?
True
Does 96 divide 934465824?
True
Does 4 divide 611276680?
True
Does 615 divide 66953517?
False
Does 5 divide 28679235?
True
Does 488 divide 1623213904?
True
Does 47 divide 63821892?
False
Is 2598765260 a multiple of 52?
True
Is 417 a factor of 10897461?
True
Does 103 divide 187783345?
False
Is 821507750 a multiple of 589?
True
Is 1115763696 a multiple of 24?
True
Does 43 divide 274281989?
False
Is 17194936 a multiple of 293?
False
Is 1780 a factor of 14785419?
False
Is 3 a factor of 777032285?
False
Does 1501 divide 330380748?
False
Is 17869936 a multiple of 14?
True
Does 41 divide 15044991?
True
Is 92 a factor of 135292072?
True
Is 2634444282 a multiple of 94?
True
Does 14 divide 126851659?
False
Is 138512779 a multiple of 51?
False
Does 26 divide 18080920?
True
Does 307 divide 2335373521?
False
Is 77 a factor of 22845396?
False
Is 375 a factor of 301224000?
True
Does 25 divide 207291788?
False
Is 1200 a factor of 147237756?
False
Is 8992709 a multiple of 11?
True
Does 239 divide 54509674?
False
Does 1255 divide 112591070?
True
Is 76558463 a multiple of 805?
False
Is 16697008 a multiple of 5?
False
Is 8 a factor of 16387187?
False
Is 8 a factor of 21917136?
True
Is 814897548 a multiple of 18?
True
Does 471 divide 31215054?
True
Is 1096 a factor of 8449864?
False
Does 2133 divide 23797021?
False
Is 3035280315 a multiple of 27?
False
Is 1998 a factor of 424670904?
True
Is 59 a factor of 25335538?
False
Is 3144734040 a multiple of 91?
False
Is 48078320 a multiple of 26?
False
Does 5 divide 4783042?
False
Does 4636 divide 504596148?
True
Is 5057017 a multiple of 91?
False
Does 170 divide 4125363?
False
Is 1651465586 a multiple of 1695?
False
Is 119 a factor of 769371652?
True
Is 28433320 a multiple of 1486?
False
Is 261849128 a multiple of 1864?
True
Is 16 a factor of 3222856380?
False
Does 367 divide 53383820?
True
Does 3226 divide 141266540?
True
Does 7 divide 184465092?
True
Is 40 a factor of 556966200?
True
Is 1761 a factor of 163010487?
True
Does 69 divide 1939813?
False
Is 236843111 a multiple of 24?
False
Does 216 divide 75069720?
True
Does 2761 divide 273066566?
False
Is 42 a factor of 926073876?
True
Is 729517470 a multiple of 12045?
True
Is 45 a factor of 1461003975?
True
Is 35 a factor of 264888513?
False
Does 55 divide 249276225?
True
Does 3 divide 157607275?
False
Is 55 a factor of 1761559941?
False
Does 497 divide 642953462?
False
Is 2773 a factor of 21687633?
True
Is 6329115060 a multiple of 60?
True
Is 20 a factor of 11538082?
False
Is 27 a factor of 86281335?
True
Is 280 a factor of 86056600?
True
Is 3 a factor of 541831225?
False
Is 163 a factor of 3675915527?
True
Is 7004920 a multiple of 520?
True
Is 3013270414 a multiple of 3346?
True
Is 91 a factor of 238729673?
True
Is 567 a factor of 60334685?
False
Is 7293710 a multiple of 10?
True
Does 38 divide 22373997?
False
Does 99 divide 1217748508?
False
Does 10 divide 46162194?
False
Is 8 a factor of 69197664?
True
Is 117395903 a multiple of 122?
False
Is 63427266 a multiple of 9?
True
Is 830603100 a multiple of 20?
True
Is 5 a factor of 18315844?
False
Does 7480 divide 184239880?
True
Is 31548052 a multiple of 60?
False
Does 520 divide 1129960?
True
Is 35789904 a multiple of 108?
True
Does 34 divide 1952348?
True
Is 13 a factor of 446040899?
False
Does 5076 divide 187870403?
False
Is 193071265 a multiple of 7?
False
Is 78141074 a multiple of 119?
False
Is 74722527 a multiple of 303?
True
Is 45 a factor of 11794095?
True
Is 4501608 a multiple of 106?
True
Is 1303708780 a multiple of 3027?
False
Does 6 divide 106328539?
False
Does 16 divide 329864784?
True
Is 563047934 a multiple of 3701?
True
Does 31 divide 14806001?
False
Does 1633 divide 69937798?
False
Is 1744 a factor of 200293106?
False
Is 114618400 a multiple of 16?
True
Is 100 a factor of 280088491?
False
Is 52956132 a multiple of 4?